 greatest common divisor of r and 1572?
12
Suppose -6 = 3*w + 2*u, u + 6 - 3 = 5*w. Suppose w*a + 8*a = 304. Let b be -2*3/9 + a/3. Calculate the highest common factor of 6 and b.
6
Let p = 8266 - 7199. Calculate the greatest common divisor of p and 11.
11
Let j(g) = 2*g**2 - 86*g + 189. Let q be j(43). Calculate the highest common divisor of 351 and q.
27
Let n = -27 + 31. Suppose -3*a + 168 = j, n*a - 5*j - 119 - 124 = 0. Let d be (-6)/39 - (-216)/52 - -15. Calculate the greatest common divisor of a and d.
19
Let n(b) = 13*b + 38. Let t(r) = -7*r - 20. Let v(y) = -3*n(y) - 5*t(y). Let h be v(-8). Calculate the greatest common divisor of h and 450.
18
Let n(j) = 709*j**2 + 6*j + 1. Let k = 22 + -23. Let s be n(k). What is the highest common divisor of 16 and s?
16
Suppose -2*c = -28 - 38. Let r be (-1)/(-4) + 26*213/24. What is the highest common factor of c and r?
33
Let w = 508 + -501. Suppose -26*j - w*j = -1650. Calculate the highest common factor of j and 30.
10
Suppose -u + 41 = -3*l, -2*l - u = -6*l - 56. Let g = l - -17. Calculate the highest common divisor of g and 17.
1
Let u be 747*2/3 - (-69)/(-23). Let p = u - 486. Let d = -40 + 58. Calculate the greatest common divisor of p and d.
9
Suppose j - 4*u = 11, 0 = -6*j + 2*j - 5*u + 191. Calculate the highest common factor of 33657 and j.
39
Suppose -504 + 273 = 11*r. Let v be 3 + -1 - (-100 + 1). Let o = r + v. What is the highest common factor of o and 10?
10
Suppose 0 = 3*d - 3*n + 222, 3*n + 61 = -2*d - 72. Let r = 241 - d. Let l be ((r/(-16))/13)/((-1)/2). Calculate the highest common divisor of 6 and l.
3
Let z = 14 - -1. Suppose -271 - 258 = -23*i. Suppose -4*n = -p + i, -8*p = -3*p - 5*n - 85. What is the greatest common divisor of z and p?
15
Let f(h) = 3*h + 142. Let n(v) = 4*v + 213. Let q(w) = -7*f(w) + 5*n(w). Let c be q(-15). Calculate the greatest common factor of c and 2.
2
Let f be ((-49)/7 - -6) + 163. Suppose -4*h - 5*d + f = -10*d, d = 5*h - 213. What is the highest common divisor of 1 and h?
1
Let m = 57 - 131. Let w be (-2)/12 + m/(-12). Suppose 0 = -15*o + 171*o - 1872. Calculate the highest common divisor of o and w.
6
Let i be (624/(-48))/(-6 - -6 - (-1)/(-94)). Calculate the highest common factor of 104 and i.
26
Let d = -4005 + 4134. What is the highest common divisor of d and 6837?
129
Let y(b) = -87*b**2 + 16*b - 12. Let x(g) = -g**2 + 2*g - 1. Let s(c) = 4*x(c) - y(c). Let v be s(2). Calculate the highest common factor of v and 12.
12
Suppose -12*d + 4*d + 288 = 0. Let r be -4 + 1 - 12366/(-18). Calculate the greatest common divisor of r and d.
36
Let b be -94*1*(-3 + 35/14). Let m be 4/(-26) + (99018/39)/6. What is the greatest common divisor of b and m?
47
Let o be 10109*(-16)/(-1496) - (-4)/(-34). What is the highest common factor of 198 and o?
18
Suppose f + 14 = 4*m, 8*f - 13 = 7*f - 5*m. Let c(p) = 9*p**2 + 3*p + 9. Let b be c(f). What is the highest common factor of b and 26?
13
Let y be ((-2)/(-2))/(12/(-12))*-37. Suppose -35*o = -y*o + 68. Let f = 29 + -12. What is the greatest common divisor of f and o?
17
Let f be (-28)/6 - 4/(-6). Let y be 11/(99/(-6))*(-51)/(-17). Let q be (f - y)*15/(-2). Calculate the highest common factor of q and 10.
5
Let l(m) = 2*m**2 + 4*m - 5. Let n be l(5). Let f = 116174 + -116057. Calculate the highest common divisor of f and n.
13
Suppose 126210*y + 156 = 126216*y. Calculate the greatest common divisor of 22 and y.
2
Let m(t) = -266*t + 2. Let k be m(-3). Let g be ((-100)/22)/((-27)/297). What is the greatest common divisor of g and k?
50
Let y(v) = 12*v**3 - 6*v**2 + v - 1. Let u(h) = -h**3 + 7*h**2 - 10*h + 3. Let x be u(5). Let l be y(x). What is the highest common factor of l and 16?
16
Suppose 573*s = 576*s + 5*w - 1275, 5*s - 2151 = -4*w. What is the highest common factor of 270 and s?
15
Let l(w) = -80*w. Let z be l(-1). Let n = 3084 + -3069. Calculate the greatest common factor of n and z.
5
Let n(k) = -14*k - 23. Let r be n(-6). Suppose -5*h + 5*t + 6 = r, 3*h + 29 = 4*t. Let c be 956/10 + (-6)/h. What is the highest common divisor of c and 12?
12
Suppose 14*a - 590 + 2 = 0. Suppose -s = -2*s - 101. Let h = 109 - s. Calculate the highest common factor of h and a.
42
Suppose -b = -2*b + 23. Let z = b - 25. Let k = 17 + z. What is the greatest common divisor of k and 15?
15
Let x = 216 + -204. Let b be x/42 + (-4752)/(-28). What is the highest common divisor of 34 and b?
34
Let x = 4018 + -3784. What is the highest common divisor of x and 162?
18
Let b = 1797 - -3960. Calculate the greatest common factor of 101 and b.
101
Let a = 573 + -599. Let p be (-13 - 403/a) + 94/4. Calculate the greatest common factor of p and 299.
13
Let k(y) = y**2 - 217*y + 4362. Let c be k(22). Suppose -3*g + 24 = 5*a, 0 + 8 = g - 5*a. What is the highest common divisor of g and c?
8
Suppose -3*t - 46*a + 34891 = -44*a, 2*t + 4*a = 23266. Calculate the greatest common factor of 29 and t.
29
Suppose 4 = 33*w - 29*w, 4*h - w = 4079. What is the highest common divisor of 80 and h?
20
Suppose -11*h + 416 = -618. Let u = 46 + h. Let q = 33 + -19. Calculate the greatest common divisor of u and q.
14
Let k(x) = -34*x - 3. Let l be k(-2). Let n(a) = 5*a**2 + 8*a - 9. Let h be n(-7). Let o be -91*(h/(-42) - -4). Calculate the highest common factor of l and o.
13
Let m(l) = -l**3 + 3*l**2 + 3*l - 1. Let g be m(3). Suppose -406 = o - g*o. Suppose -11*w + 9*w = -o. Calculate the greatest common factor of 203 and w.
29
Let b(v) = -42*v + 51. Let h be b(-5). Suppose 0 = -16*w + 171 + h. What is the greatest common divisor of 108 and w?
27
Suppose 14*q - 30 = -q. Suppose 12 = 2*a - 4*c, q*a + 5*c = -0*a + 21. What is the highest common factor of 248 and a?
8
Let j(o) = 1516*o + 2. Let w be j(3). Calculate the highest common divisor of 42 and w.
14
Suppose -2*z - 2 = -6*z - 3*w, z + 5 = 2*w. Let h be -45 + 46 - (z + -1). What is the highest common divisor of 11 and h?
1
Let n(m) = -107*m + 90. Let s(r) = 3*r**3 - 3*r**2 - 3*r - 1. Let j be s(-1). Let l be n(j). What is the highest common factor of l and 74?
74
Suppose 35*f + 1834 - 29169 = 0. What is the greatest common factor of f and 418?
11
Suppose -c = 6*c - 8316 - 14364. Calculate the greatest common factor of 480 and c.
120
Let r = 6423 + -3023. Suppose r = 4*j + 6*c - 4*c, 4*j = 5*c + 3372. Calculate the greatest common divisor of 16 and j.
16
Let v = -39 - -33. Let k be v*(0 + 2/(-2)). Let c be 325/52 - k/(-8). Calculate the greatest common factor of c and 35.
7
Let n = -84 + 87. Suppose 3*q + n*v = 33, -5*v = -q + 1 - 8. Suppose 238 = 3*c + 2*c - k, 4*c - 202 = -5*k. What is the greatest common factor of c and q?
8
Let x be 7/(-4) + -14 + 18504/96. What is the greatest common divisor of x and 1888?
59
Suppose 0 = l + 5*a - 8465, -594*a - 25375 = -3*l - 589*a. What is the highest common divisor of 10 and l?
10
Let a be ((-345)/2)/((-81861)/(-1950) - 42). Calculate the highest common factor of a and 138.
69
Let x = -64 - -110. Let t = -33 + x. Let m(n) = -76*n - 9. Let s be m(-2). Calculate the greatest common divisor of t and s.
13
Let m be ((-14)/(-4))/((-63)/(-108)). Let f(r) = -25*r + 161. Let z be f(m). What is the greatest common factor of z and 1?
1
Suppose 65*b - 169 = 52*b. What is the greatest common factor of b and 1053?
13
Let n = 144 + -128. Suppose -n - 40 = -4*k. What is the highest common divisor of k and 553?
7
Let n(f) = 53*f - 1309. Let q be n(27). Calculate the greatest common divisor of 1952 and q.
122
Suppose 3*l = 5*p + 853, 2*l - 6*l + 5*p = -1139. Let d = -22619 + 22641. Calculate the highest common divisor of d and l.
22
Let d = 38 - 36. Let t be 8/d - (-18)/6. Let f be (-10)/((-1)/23*(8 - t)). Calculate the highest common factor of 10 and f.
10
Let s(r) = -r + 11. Let i be s(-5). Let u be (8/i)/((1/2)/1). Suppose -u = -g - 0*g. What is the greatest common divisor of 5 and g?
1
Suppose -4*z - 36 = -3*l - 2*l, -8 = -2*z - 4*l. Let n be (z - -1) + 1 - -442. Calculate the greatest common factor of n and 55.
55
Let z be -6 + (-2930)/(-35) - (-14)/49. Calculate the greatest common factor of 4758 and z.
78
Let g = -2673 + 16245. What is the greatest common divisor of g and 39?
39
Let s(m) = 12*m + 434. Let t be s(-33). Calculate the highest common factor of t and 